{"id":177,"date":"2022-07-01T09:42:10","date_gmt":"2022-07-01T07:42:10","guid":{"rendered":"https:\/\/platby.pske.cz\/platby\/?page_id=177"},"modified":"2022-08-01T11:06:55","modified_gmt":"2022-08-01T09:06:55","slug":"uvodni-strana","status":"publish","type":"page","link":"https:\/\/platby.pske.cz\/platby\/","title":{"rendered":"\u00davodn\u00ed strana"},"content":{"rendered":"\n<p class=\"has-text-align-center has-medium-font-size\">Vyberte si pros\u00edm, jak\u00e9 zkou\u0161ky, licence nebo p\u0159ezkou\u0161en\u00ed chcete objednat:<\/p>\n\n\n\n<div class=\"wp-block-group\"><div class=\"wp-block-group__inner-container is-layout-flow wp-block-group-is-layout-flow\"><\/div><\/div>\n\n\n\n<div class=\"wp-block-columns is-layout-flex wp-container-core-columns-is-layout-9d6595d7 wp-block-columns-is-layout-flex\">\n<div class=\"wp-block-column is-layout-flow wp-block-column-is-layout-flow\">\n<h2 class=\"has-text-align-center Sloupec-uvod wp-block-heading\"><a href=\"\/zkousky\/\" data-type=\"URL\" data-id=\"\/zkousky\/\">Zkou\u0161ky<\/a><\/h2>\n<\/div>\n\n\n\n<div class=\"wp-block-column is-layout-flow wp-block-column-is-layout-flow\">\n<h2 class=\"has-text-align-center Sloupec-uvod wp-block-heading\"><a href=\"\/licence-treneru\/\">Licence tren\u00e9r\u016f<\/a><\/h2>\n<\/div>\n\n\n\n<div class=\"wp-block-column is-layout-flow wp-block-column-is-layout-flow\">\n<h2 class=\"has-text-align-center Sloupec-uvod wp-block-heading\"><a href=\"\/doskoleni-treneru\/\">Do\u0161kolen\u00ed tren\u00e9r\u016f<\/a><\/h2>\n<\/div>\n<\/div>\n\n\n\n<div class=\"wp-block-columns is-layout-flex wp-container-core-columns-is-layout-9d6595d7 wp-block-columns-is-layout-flex\">\n<div class=\"wp-block-column is-vertically-aligned-center is-layout-flow wp-block-column-is-layout-flow\">\n<h2 class=\"has-text-align-center Sloupec-uvod wp-block-heading\"><a href=\"\/licence-regionalnich-rozhodcich\/\">Licence region\u00e1ln\u00edch rozhod\u010d\u00edch<\/a><\/h2>\n<\/div>\n\n\n\n<div class=\"wp-block-column is-vertically-aligned-center is-layout-flow wp-block-column-is-layout-flow\">\n<h2 class=\"has-text-align-center Sloupec-uvod wp-block-heading\"><a href=\"\/doskoleni-regionalnich-rozhodcich\/\">Do\u0161kolen\u00ed region\u00e1ln\u00edch rozhod\u010d\u00edch<\/a><\/h2>\n<\/div>\n\n\n\n<div class=\"wp-block-column is-vertically-aligned-center is-layout-flow wp-block-column-is-layout-flow\">\n<h2 class=\"has-text-align-center Sloupec-uvod wp-block-heading\"><a href=\"\/licence-zkusebniho-komisare\/\">Licence zku\u0161ebn\u00edho komisa\u0159e<\/a><\/h2>\n<\/div>\n<\/div>\n\n\n\n<div class=\"wp-block-columns is-layout-flex wp-container-core-columns-is-layout-9d6595d7 wp-block-columns-is-layout-flex\">\n<div class=\"wp-block-column is-vertically-aligned-center is-layout-flow wp-block-column-is-layout-flow\">\n<h2 class=\"has-text-align-center Sloupec-uvod wp-block-heading\"><a href=\"https:\/\/platby.pske.cz\/platby\/prodlouzeni-licence-zkusebniho-komisare\/\">Prodlou\u017een\u00ed licence zku\u0161ebn\u00edho komisa\u0159e<\/a><\/h2>\n<\/div>\n\n\n\n<div class=\"wp-block-column Sloupec-uvod is-layout-flow wp-block-column-is-layout-flow\"><\/div>\n\n\n\n<div class=\"wp-block-column is-layout-flow wp-block-column-is-layout-flow\"><\/div>\n<\/div>\n","protected":false},"excerpt":{"rendered":"<p>Vyberte si pros\u00edm, jak\u00e9 zkou\u0161ky, licence nebo p\u0159ezkou\u0161en\u00ed chcete objednat: Zkou\u0161ky Licence tren\u00e9r\u016f Do\u0161kolen\u00ed tren\u00e9r\u016f Licence region\u00e1ln\u00edch rozhod\u010d\u00edch Do\u0161kolen\u00ed region\u00e1ln\u00edch rozhod\u010d\u00edch Licence zku\u0161ebn\u00edho komisa\u0159e Prodlou\u017een\u00ed licence zku\u0161ebn\u00edho komisa\u0159e<\/p>\n","protected":false},"author":1,"featured_media":0,"parent":0,"menu_order":0,"comment_status":"closed","ping_status":"closed","template":"","meta":{"footnotes":""},"class_list":["post-177","page","type-page","status-publish"],"_links":{"self":[{"href":"https:\/\/platby.pske.cz\/platby\/wp-json\/wp\/v2\/pages\/177","targetHints":{"allow":["GET"]}}],"collection":[{"href":"https:\/\/platby.pske.cz\/platby\/wp-json\/wp\/v2\/pages"}],"about":[{"href":"https:\/\/platby.pske.cz\/platby\/wp-json\/wp\/v2\/types\/page"}],"author":[{"embeddable":true,"href":"https:\/\/platby.pske.cz\/platby\/wp-json\/wp\/v2\/users\/1"}],"replies":[{"embeddable":true,"href":"https:\/\/platby.pske.cz\/platby\/wp-json\/wp\/v2\/comments?post=177"}],"version-history":[{"count":15,"href":"https:\/\/platby.pske.cz\/platby\/wp-json\/wp\/v2\/pages\/177\/revisions"}],"predecessor-version":[{"id":249,"href":"https:\/\/platby.pske.cz\/platby\/wp-json\/wp\/v2\/pages\/177\/revisions\/249"}],"wp:attachment":[{"href":"https:\/\/platby.pske.cz\/platby\/wp-json\/wp\/v2\/media?parent=177"}],"curies":[{"name":"wp","href":"https:\/\/api.w.org\/{rel}","templated":true}]}}